g - 2 - 13. Determine q(g).
-4
Let n(b) = b**2 + 1. Suppose -3*v + 140 - 137 = 0. Calculate n(v).
2
Let m = 0 - -2. Suppose -4 = 2*q - h, -2*h + 0 = -q - m. Let i(b) = -140*b - 6. Let l(w) = -25*w - 1. Let t(u) = 2*i(u) - 11*l(u). Give t(q).
9
Let v be (-1)/2*38/19. Let o(n) = -16*n**2 - 1. Calculate o(v).
-17
Let f(k) = -10*k**3 + 3*k**2 + k + 4. Let v(z) = -9*z**3 + 2*z**2 + z + 3. Let n(s) = -3*f(s) + 4*v(s). Let o = -6 + 6. Suppose -5*x + 5 = -o. What is n(x)?
-6
Let g(c) be the second derivative of -c**5/10 + c**4/6 + c**3/6 + c**2/2 + 23*c - 2. Give g(2).
-5
Let g(r) be the third derivative of -5*r**4/24 + r**3/6 + 5*r**2 + 63. Calculate g(3).
-14
Let w(b) = -464 + 0*b + 463 - 3*b. Calculate w(5).
-16
Let n(j) = j + 4. Suppose r + 4*a = 49, r - 4*a + 94 = 3*r. Suppose 5*f = 5*l - r, 13 = f + 2*f + 5*l. Calculate n(f).
0
Let k(d) be the first derivative of 3*d**4/4 - d**3/6 + d**2/2 + 10*d - 10. Let u(q) be the first derivative of k(q). Give u(1).
9
Let c(b) = -5*b - 36. Let m(q) = 0 + 6 + 18 + 3*q. Let s(k) = 5*c(k) + 8*m(k). Suppose -4*r = 137 - 157. Give s(r).
7
Let g(s) = 9*s - 14. Let d(l) = 19*l - 29. Let o(r) = -6*d(r) + 13*g(r). Give o(6).
10
Let r(m) = -3*m - 4. Let l(z) = -15*z**3 + 2*z + 1. Let p be l(-1). Suppose -3*h = -4*x - 57, -3*x - 5 = -h + p. Let d = h + -24. What is r(d)?
11
Suppose -85*u + 46 = -108*u. Let t(l) = -2*l - 1. Give t(u).
3
Let n(u) = -7*u**2 - 4*u + 2. Let o(x) = -8*x**2 - 5*x + 2. Let p(h) = 7*n(h) - 6*o(h). Let f(r) = -60*r + 358. Let i be f(6). Determine p(i).
-6
Let w(d) = 7*d. Let z(f) = -4*f**2 - 11*f - 4. Let x(u) = 3*u**2 + 10*u + 3. Let k(a) = 3*x(a) + 2*z(a). Let v(q) = -2*k(q) + 3*w(q). Determine v(3).
-5
Let v(d) = -5*d**2 - 5*d - 1. Let f(b) = 3*b**2 + 3*b - 1. Let r(c) = -7*c**2 - 7*c + 1. Let j(w) = 5*f(w) + 3*r(w). Let g(n) = 2*j(n) - 3*v(n). What is g(2)?
17
Let l be 1*(-1)/(-4) - 21/4. Let q(j) = j**2 + 6*j + 1. Determine q(l).
-4
Let v be (-57)/21 - 2/7. Let b(m) = 15*m**2 - 16*m + 21. Let n(f) = -4*f**2 + 4*f - 6. Let r(a) = -3*b(a) - 11*n(a). Determine r(v).
-18
Suppose -30 = -j + 6*j. Let c(y) = 3*y + 85. Let z(a) = -29. Let h(q) = -c(q) - 3*z(q). Determine h(j).
20
Suppose -5 - 5 = -5*h. Let q be ((-1)/h)/(2/8). Let m(a) = a**3 + 4*a**2 - a - 1. What is m(q)?
9
Suppose -4*j - 2*q - 24 = j, -2*j = 2*q + 6. Let t(x) be the first derivative of x**4/4 + 5*x**3/3 - 4*x**2 + 4*x - 24. Give t(j).
16
Let a(b) = 37*b**2 - 116*b + 50. Let g(m) = -5*m**2 + 16*m - 7. Let q(c) = -2*a(c) - 15*g(c). Let r = 27 - 19. Calculate q(r).
5
Suppose 2 = -5*w - 28. Let p be 3/w*1*0. Let h(z) = -2*z + 30. Let a(u) = -u + 12. Let d(q) = -9*a(q) + 4*h(q). What is d(p)?
12
Let s = -10 + 10. Let y(o) = -o**3 + o + 3. Let j be y(s). Let x(d) = 3 - d**j - 3*d**2 - d**2 + 0*d**3 - 22*d + 24*d. Give x(-4).
-5
Suppose 4*j - 3*b = 2*j + 13, 0 = 4*j - 3*b - 29. Let p(f) = -10*f - 10*f + 32*f - 8 - j*f. Suppose -5*d - 2 = -z + 14, -5*d - 22 = -2*z. Give p(z).
16
Let k(m) be the third derivative of -7*m**5/60 + m**4/12 - m**3/6 - 59*m**2. Give k(1).
-6
Let p(y) = y**2 - 4*y - 5. Let f(s) = -s**3 - 2*s**2 + 4*s + 9. Let h be f(-3). Determine p(h).
7
Let w(y) be the second derivative of -y**5/20 - 7*y**4/6 + y**3/6 + 5*y**2/2 - 67*y. Calculate w(-14).
-9
Let s(x) = x**2 + 5*x + 6. Let y be s(-4). Suppose -y*f + f = -2. Let t be f/4 - 28/8. Let c(b) = b**2 + 7*b + 1. Determine c(t).
-11
Let l(c) = c**3 - 12*c**2 + 11*c + 7. Let p be (4/8)/(555/110 + -5). Give l(p).
7
Let j(g) be the third derivative of -g**4/3 + g**3/3 + 233*g**2. What is j(2)?
-14
Let r(h) = h**2 - 22*h + 49. Let d be r(19). Let n(j) = -j**2 - 8*j + 1. Determine n(d).
1
Let r(q) be the second derivative of -q**5/20 + 7*q**4/12 - q**3 + q**2 - q - 132. Calculate r(6).
2
Let z(f) = 3*f**3 - 9*f**2 + 17*f - 6. Let d(k) = -4*k**3 + 14*k**2 - 26*k + 8. Let s(p) = -5*d(p) - 7*z(p). Calculate s(-8).
-22
Suppose 2*r - q = 3*q + 130, 4*q + 57 = r. Let l = 68 - r. Let u(m) = -m**2 - 10*m - 7. Give u(l).
18
Let k(u) = u**3 - 8*u**2 - 4*u + 5. Let m be (-14 + 5 - -5)*-2. What is k(m)?
-27
Let o(d) = d**2 - 7*d - 4. Suppose 24 = -5*j + 9*j. Let z = j + 2. Let t = -2 + z. Give o(t).
-10
Let q be 6/4*(-96)/(-18). Suppose -17 = -3*v - q. Let s(j) = -2*j + 6*j + v + 0 - 1. What is s(-2)?
-6
Let l(x) = 5*x**3 + 25*x**2 - x + 15. Let m(d) = 2*d**3 + 3*d**2. Let f(g) = -l(g) + 3*m(g). Determine f(16).
1
Let d = 27 + -23. Suppose -c - 45 = -4*c. Let s(b) = 12*b + 2*b**3 - c*b + d*b + b**2. Give s(-1).
-2
Suppose 0 = -3*f + 4*q + 32, -2*f + f = 5*q + 21. Let c(k) = 6*k + 254*k**2 - 2 + k**3 - 259*k**2 + 0 - 4. Determine c(f).
2
Let n(p) = p**3 + 2*p**2 - 4*p - 6. Let w be (-1 + (-14)/(-18))/((-2)/(-18)). Determine n(w).
2
Let u(a) = -a**2 + 34*a - 8 + 7 - 1 + 15 - 27*a. What is u(9)?
-5
Let y(q) be the first derivative of -q**3 - q**2/2 - 216. What is y(-2)?
-10
Let b(m) be the second derivative of -3/2*m**3 - 30*m + 0 - 1/12*m**4 + 3*m**2. Determine b(-10).
-4
Let p(g) = -2*g. Let w be 20/(-15)*(-1 - -13). Let y = w + 18. Suppose -t + u = 1 - y, 4 = 4*t - u. What is p(t)?
-2
Let w(v) = -3*v + 3*v - 2*v + 5*v + 2. Let n = 37 - 35. Calculate w(n).
8
Let v(m) be the third derivative of m**7/2520 + 7*m**6/720 + 7*m**5/15 + 15*m**2. Let l(c) be the third derivative of v(c). Calculate l(-6).
-5
Let a(m) be the second derivative of -m**3/3 - 2*m**2 + 2*m - 27. Determine a(-4).
4
Suppose 4*p = 2*y - 16, 3*p - 2*p + 6 = y. Let h(g) = 27*g - 34*g + 5 - 3*g**2 + y*g**2. Suppose l + 2*s - 10 = 0, 2*l - 20 = -3*s - 2. Calculate h(l).
-1
Let h(o) = -13*o + 1626. Let i be h(125). Let r(a) = 0 + 0 - 4*a**2 - a. Determine r(i).
-5
Suppose -12 = -7*w + 3*w. Let x(a) = a - 5*a + w*a. Give x(0).
0
Let g(k) = k**2 - 2*k - 7. Let y = 10 - -20. Let p be 15/y + (-18)/(-4). Give g(p).
8
Let f(m) = -m**3 + m + 2. Let x(q) = -5*q**3 - 11*q**2 + 4*q + 11. Let w(y) = -4*f(y) + x(y). Determine w(-11).
3
Suppose 1027*n = 1000*n + 135. Let l(s) = 2*s**3 - 9*s**2 - 3*s - 2. Calculate l(n).
8
Suppose -4*h + 8 = 4*g, 9*h = 8*h - 4. Let w(x) = 2*x - 12. Give w(g).
0
Let q(y) = -y**3 + 5*y**2 + 6. Suppose -5*s + 15 = 0, 27*b - 29*b + 5*s = 5. Give q(b).
6
Let w = 47 - 48. Let g(t) = -9*t. Give g(w).
9
Let s(d) be the first derivative of -d**2/2 + 24. What is s(-4)?
4
Let q be (-6)/8 - (38/(-8) + -2). Let i be ((-40)/15)/(2/q). Let s(y) = -y - 12. Give s(i).
-4
Let l(b) = -b**3 + 2*b**2 + 11. Let h(s) = s**3 - 12*s**2 + 29*s - 90. Let o be h(10). Determine l(o).
11
Let h(s) = 3*s**2 + 15*s - 6. Let j(v) = v**2 + 8*v - 4. Let p(r) = -3*h(r) + 7*j(r). Calculate p(7).
-31
Let f(k) = k**2 + 5*k - 14. Let i(u) = -u - 2. Let l(s) = f(s) - 3*i(s). What is l(-10)?
12
Let u(q) = 2. Let w(a) = -11*a + 7. Let k(t) = t. Let g(n) = 3*k(n) + w(n). Let s(d) = -g(d) + 3*u(d). Determine s(-1).
-9
Let k(w) = w. Let n(j) = 3*j - 13. Let i(x) = 2*k(x) - n(x). Let u be i(7). Let a(g) be the first derivative of -g**2/2 + 13*g - 19. Determine a(u).
7
Let a(g) = 3*g - 3*g**3 + g**3 + 4 - 2*g**2 + g**3 - 5. Let j(t) = 4*t + 116. Let y be j(-30). What is a(y)?
19
Suppose 2*v + 36 = -3*a + 11, 0 = 5*a - 4*v + 49. Let b(c) = 4*c + 9. Let u(f) = f - 4. Let y(z) = b(z) - 3*u(z). Give y(a).
12
Suppose 8*y = 4*y + 600. Let m be 56/26 - (y/(-39) - -4). Let r(g) = 2*g**2 - g - 2. Give r(m).
4
Let n(y) be the third derivative of y**7/840 - y**6/40 + 3*y**5/40 + y**4/24 + 5*y**3/3 - 7*y**2. Let a(b) be the first derivative of n(b). Give a(8).
9
Let o be 3/1 - 5 - -6. Let q(v) = 3*v - 3 - 6*v**2 + o*v**3 - v**3 - 2*v**3 + 3*v**2. Let i = -170 + 173. Determine q(i).
6
Suppose 0*p - 4*p + 12 = 0. Let k(b) = -8*b - 5*b**3 - 2*b**2 - 3*b**2 + 6*b**3 + 9 + 0*b**p. Let l be ((-1)/(15/6))/(2/(-30)). Determine k(l).
-3
Let m = 3 - -1. Let n(g) be the third derivative of -g**5/40 + g**4/4 + g**3/3 + 4*g**2. Let k(h) be the first derivative of n(h). What is k(m)?
-6
Let w(i) = -3*i**2 + 243*i + 236. Let q be w(82). Let f(j) be the second derivative of -j**5/20 - 3*j**4/4 + 5*j**3/3 - 9*j**2/2 + j. Give f(q).
-9
Let f(y) = -4*y - 5. Let h(v) = -13*v - 130. Let i be h(-10). Determine f(i).
-5
Let z(q) be the third derivative of -q**5/120 - q**4/4 - 5*q**3/3 + 7*q**2. Let m(x) be the first derivative of z(x). Give m(-3).
-3
Suppose 2*o - 5 = o. Suppose -o =